{"id":3,"date":"2019-01-16T11:12:57","date_gmt":"2019-01-16T11:12:57","guid":{"rendered":"https:\/\/theroomhunter.com\/burgos\/?page_id=3"},"modified":"2021-10-25T07:25:42","modified_gmt":"2021-10-25T07:25:42","slug":"aviso-legal","status":"publish","type":"page","link":"https:\/\/theroomhunter.com\/burgos\/aviso-legal\/","title":{"rendered":"Aviso legal"},"content":{"rendered":"<div class=\"row\"  id=\"row-1497484069\">\n<div class=\"col small-12 large-12\"  ><div class=\"col-inner\"  >\n<p class=\"p2\"><b>AVISO LEGAL<\/b><\/p>\n<p class=\"p3\"><b>Datos identificativos<\/b><\/p>\n<p class=\"p4\">Esta p\u00e1gina Web es propiedad de:\u00a0<\/p>\n<p class=\"p5\">Identidad del Responsable:<span class=\"Apple-converted-space\">\u00a0 <\/span>The Roomhunter Burgos SC <br \/>NIF\/CIF: <span class=\"s2\">J09584350<br \/>Direcci\u00f3n: Avda Arlanz\u00f3n 40 09004 Burgos &#8211; (Burgos)<\/span><\/p>\n<p class=\"p5\">El USUARIO puede contactar con el TITULAR por cualquiera de los siguientes medios:<\/p>\n<p class=\"p5\">E-Mail:\u00a0 <a href=\"mailto:burgos@theroomhunter.com\"><span class=\"s3\">burgos@theroomhunter.com<\/span><\/a><br \/>Tel\u00e9fono: 722610736<\/p>\n<p class=\"p6\"><span class=\"s4\"><b>SOBRE LA PROPIEDAD LEGAL<\/b><\/span><\/p>\n<p class=\"p4\">El<span class=\"Apple-converted-space\">\u00a0 <\/span>propietario de esta web y su contenido es\u00a0<span class=\"s5\"><b>The Roomhunter Burgos S.C<span class=\"Apple-converted-space\">\u00a0<\/span><\/b><\/span><\/p>\n<p class=\"p4\">Queda prohibida la transmisi\u00f3n, cesi\u00f3n, venta, alquiler y \/ o exposici\u00f3n p\u00fablica de esta web sin la correspondiente autorizaci\u00f3n de su propietario.<\/p>\n<p class=\"p7\">La informaci\u00f3n y contenidos presentados en esta web son de car\u00e1cter orientativo quedando el propietario de la web exento de cualquier responsabilidad derivada de la falta de exactitud en esta informaci\u00f3n y contenidos. Los propietarios se reservan el derecho de modificar el contenido de la web sin previo aviso y sin ning\u00fan tipo de limitaci\u00f3n.<\/p>\n<p class=\"p7\">La informaci\u00f3n remitida a esta web deber\u00e1 ser veraz y no vulnerar\u00e1 el derecho a terceros ni la legalidad vigente. El propietario declina cualquier responsabilidad contractual o extracontractual con la persona o empresa que tuviera perjuicios de cualquier naturaleza ocasionados por virus inform\u00e1ticos o por elementos inform\u00e1ticos de cualquier \u00edndole al no poder garantizar al 100% la ausencia de virus ni de otros elementos en la web.<\/p>\n<p class=\"p6\"><span class=\"s4\"><b>POL\u00cdTICA DE PROTECCI\u00d3N DE DATOS PERSONALES<\/b><\/span><\/p>\n<p class=\"p4\">Los datos personales recogidos ser\u00e1n objeto de tratamiento automatizado e incorporados a los correspondientes ficheros automatizados. El usuario garantiza que los datos personales facilitados a\u00a0<span class=\"s5\">www.theroomhunter.com\/burgos<\/span> \u00a0son veraces y se hace responsable de comunicar cualquier modificaci\u00f3n.<\/p>\n<p class=\"p4\">La recogida y tratamiento automatizado de los datos personales son solamente para llevar un registro de reservas. Los usuarios tienen derechos reconocidos y podr\u00e1n ejercitar los derechos de acceso, cancelaci\u00f3n, rectificaci\u00f3n y oposici\u00f3n , as\u00ed como a ser informados de las cesiones realizadas contactando con\u00a0<a href=\"mailto:burgos@theroomhunter.com\"><span class=\"s6\">burgos@theroomhunter.com<\/span><\/a>.<\/p>\n<p class=\"p8\"><b>SISTEMA DE RESERVAS DE TICKETSELF<\/b><\/p>\n<p class=\"p4\">La finalidad es facilitarle un medio para que pueda reservar y comprar nuestros servicios<\/p>\n<p class=\"p4\">Aqu\u00ed puede ver la pol\u00edtica de privacidad de Ticketself:<\/p>\n<p class=\"p10\"><span class=\"s7\"><a href=\"https:\/\/www.ticketself.com\/\/inner\/corporate\/privacy\">https:\/\/www.ticketself.com\/\/inner\/corporate\/privacy<\/a><\/span><\/p>\n<p class=\"p8\"><b>POL\u00cdTICA DE DEVOLUCIONES Y REEMBOLSOS<\/b><\/p>\n<p class=\"p4\">Si cancelas con menos de 24 horas de antelaci\u00f3n con respecto a tu sesi\u00f3n, lo sentimos pero no se reembolsa el dinero.<\/p>\n<p class=\"p4\">Si la cancelaci\u00f3n es anterior, podr\u00e1s elegir otra fecha y hora para jugar mediante un bono regalo que te extenderemos.<\/p>\n<p class=\"p4\">El reembolso se realizar\u00e1 por el mismo medio por el que se ha realizado el pago.<\/p>\n<\/div><\/div>\n\n<style scope=\"scope\">\n\n#row-1497484069 > .col > .col-inner {\n  padding: 50px 0px 50px 0px;\n}\n<\/style>\n<\/div>\n","protected":false},"excerpt":{"rendered":"","protected":false},"author":1,"featured_media":0,"parent":0,"menu_order":0,"comment_status":"closed","ping_status":"open","template":"page-blank.php","meta":{"_mbp_gutenberg_autopost":false},"yoast_head":"<!-- This site is optimized with the Yoast SEO plugin v19.7 - https:\/\/yoast.com\/wordpress\/plugins\/seo\/ -->\n<title>Aviso legal &ndash; The Roomhunter Burgos - Salas de Escape Room<\/title>\n<meta name=\"robots\" content=\"index, follow, max-snippet:-1, max-image-preview:large, max-video-preview:-1\" \/>\n<link rel=\"canonical\" href=\"https:\/\/theroomhunter.com\/burgos\/aviso-legal\/\" \/>\n<meta property=\"og:locale\" content=\"es_ES\" \/>\n<meta property=\"og:type\" content=\"article\" \/>\n<meta property=\"og:title\" content=\"Aviso legal &ndash; The Roomhunter Burgos - Salas de Escape Room\" \/>\n<meta property=\"og:url\" content=\"https:\/\/theroomhunter.com\/burgos\/aviso-legal\/\" \/>\n<meta property=\"og:site_name\" content=\"The Roomhunter Burgos - Salas de Escape Room\" \/>\n<meta property=\"article:publisher\" content=\"https:\/\/www.facebook.com\/theroomhunterburgos\/\" \/>\n<meta property=\"article:modified_time\" content=\"2021-10-25T07:25:42+00:00\" \/>\n<meta name=\"twitter:card\" content=\"summary_large_image\" \/>\n<meta name=\"twitter:label1\" content=\"Tiempo de lectura\" \/>\n\t<meta name=\"twitter:data1\" content=\"2 minutos\" \/>\n<script type=\"application\/ld+json\" class=\"yoast-schema-graph\">{\"@context\":\"https:\/\/schema.org\",\"@graph\":[{\"@type\":\"WebPage\",\"@id\":\"https:\/\/theroomhunter.com\/burgos\/aviso-legal\/\",\"url\":\"https:\/\/theroomhunter.com\/burgos\/aviso-legal\/\",\"name\":\"Aviso legal &ndash; The Roomhunter Burgos - Salas de Escape Room\",\"isPartOf\":{\"@id\":\"https:\/\/theroomhunter.com\/burgos\/#website\"},\"datePublished\":\"2019-01-16T11:12:57+00:00\",\"dateModified\":\"2021-10-25T07:25:42+00:00\",\"breadcrumb\":{\"@id\":\"https:\/\/theroomhunter.com\/burgos\/aviso-legal\/#breadcrumb\"},\"inLanguage\":\"es\",\"potentialAction\":[{\"@type\":\"ReadAction\",\"target\":[\"https:\/\/theroomhunter.com\/burgos\/aviso-legal\/\"]}]},{\"@type\":\"BreadcrumbList\",\"@id\":\"https:\/\/theroomhunter.com\/burgos\/aviso-legal\/#breadcrumb\",\"itemListElement\":[{\"@type\":\"ListItem\",\"position\":1,\"name\":\"Portada\",\"item\":\"https:\/\/theroomhunter.com\/burgos\/\"},{\"@type\":\"ListItem\",\"position\":2,\"name\":\"Aviso legal\"}]},{\"@type\":\"WebSite\",\"@id\":\"https:\/\/theroomhunter.com\/burgos\/#website\",\"url\":\"https:\/\/theroomhunter.com\/burgos\/\",\"name\":\"The Roomhunter Burgos - Salas de Escape Room\",\"description\":\"Empresa de entretenimiento de escapismo en Burgos\",\"publisher\":{\"@id\":\"https:\/\/theroomhunter.com\/burgos\/#organization\"},\"potentialAction\":[{\"@type\":\"SearchAction\",\"target\":{\"@type\":\"EntryPoint\",\"urlTemplate\":\"https:\/\/theroomhunter.com\/burgos\/?s={search_term_string}\"},\"query-input\":\"required name=search_term_string\"}],\"inLanguage\":\"es\"},{\"@type\":\"Organization\",\"@id\":\"https:\/\/theroomhunter.com\/burgos\/#organization\",\"name\":\"Salas The Roomhunter Burgos Escape Room\",\"url\":\"https:\/\/theroomhunter.com\/burgos\/\",\"sameAs\":[\"https:\/\/www.youtube.com\/channel\/UCS3xYNnN2X1ThKVUqZEAMKg\",\"https:\/\/www.facebook.com\/theroomhunterburgos\/\"],\"logo\":{\"@type\":\"ImageObject\",\"inLanguage\":\"es\",\"@id\":\"https:\/\/theroomhunter.com\/burgos\/#\/schema\/logo\/image\/\",\"url\":\"https:\/\/theroomhunter.com\/burgos\/wp-content\/uploads\/2019\/05\/favicon.jpg\",\"contentUrl\":\"https:\/\/theroomhunter.com\/burgos\/wp-content\/uploads\/2019\/05\/favicon.jpg\",\"width\":512,\"height\":512,\"caption\":\"Salas The Roomhunter Burgos Escape Room\"},\"image\":{\"@id\":\"https:\/\/theroomhunter.com\/burgos\/#\/schema\/logo\/image\/\"}}]}<\/script>\n<!-- \/ Yoast SEO plugin. -->","yoast_head_json":{"title":"Aviso legal &ndash; The Roomhunter Burgos - Salas de Escape Room","robots":{"index":"index","follow":"follow","max-snippet":"max-snippet:-1","max-image-preview":"max-image-preview:large","max-video-preview":"max-video-preview:-1"},"canonical":"https:\/\/theroomhunter.com\/burgos\/aviso-legal\/","og_locale":"es_ES","og_type":"article","og_title":"Aviso legal &ndash; The Roomhunter Burgos - Salas de Escape Room","og_url":"https:\/\/theroomhunter.com\/burgos\/aviso-legal\/","og_site_name":"The Roomhunter Burgos - Salas de Escape Room","article_publisher":"https:\/\/www.facebook.com\/theroomhunterburgos\/","article_modified_time":"2021-10-25T07:25:42+00:00","twitter_card":"summary_large_image","twitter_misc":{"Tiempo de lectura":"2 minutos"},"schema":{"@context":"https:\/\/schema.org","@graph":[{"@type":"WebPage","@id":"https:\/\/theroomhunter.com\/burgos\/aviso-legal\/","url":"https:\/\/theroomhunter.com\/burgos\/aviso-legal\/","name":"Aviso legal &ndash; The Roomhunter Burgos - Salas de Escape Room","isPartOf":{"@id":"https:\/\/theroomhunter.com\/burgos\/#website"},"datePublished":"2019-01-16T11:12:57+00:00","dateModified":"2021-10-25T07:25:42+00:00","breadcrumb":{"@id":"https:\/\/theroomhunter.com\/burgos\/aviso-legal\/#breadcrumb"},"inLanguage":"es","potentialAction":[{"@type":"ReadAction","target":["https:\/\/theroomhunter.com\/burgos\/aviso-legal\/"]}]},{"@type":"BreadcrumbList","@id":"https:\/\/theroomhunter.com\/burgos\/aviso-legal\/#breadcrumb","itemListElement":[{"@type":"ListItem","position":1,"name":"Portada","item":"https:\/\/theroomhunter.com\/burgos\/"},{"@type":"ListItem","position":2,"name":"Aviso legal"}]},{"@type":"WebSite","@id":"https:\/\/theroomhunter.com\/burgos\/#website","url":"https:\/\/theroomhunter.com\/burgos\/","name":"The Roomhunter Burgos - Salas de Escape Room","description":"Empresa de entretenimiento de escapismo en Burgos","publisher":{"@id":"https:\/\/theroomhunter.com\/burgos\/#organization"},"potentialAction":[{"@type":"SearchAction","target":{"@type":"EntryPoint","urlTemplate":"https:\/\/theroomhunter.com\/burgos\/?s={search_term_string}"},"query-input":"required name=search_term_string"}],"inLanguage":"es"},{"@type":"Organization","@id":"https:\/\/theroomhunter.com\/burgos\/#organization","name":"Salas The Roomhunter Burgos Escape Room","url":"https:\/\/theroomhunter.com\/burgos\/","sameAs":["https:\/\/www.youtube.com\/channel\/UCS3xYNnN2X1ThKVUqZEAMKg","https:\/\/www.facebook.com\/theroomhunterburgos\/"],"logo":{"@type":"ImageObject","inLanguage":"es","@id":"https:\/\/theroomhunter.com\/burgos\/#\/schema\/logo\/image\/","url":"https:\/\/theroomhunter.com\/burgos\/wp-content\/uploads\/2019\/05\/favicon.jpg","contentUrl":"https:\/\/theroomhunter.com\/burgos\/wp-content\/uploads\/2019\/05\/favicon.jpg","width":512,"height":512,"caption":"Salas The Roomhunter Burgos Escape Room"},"image":{"@id":"https:\/\/theroomhunter.com\/burgos\/#\/schema\/logo\/image\/"}}]}},"_links":{"self":[{"href":"https:\/\/theroomhunter.com\/burgos\/wp-json\/wp\/v2\/pages\/3"}],"collection":[{"href":"https:\/\/theroomhunter.com\/burgos\/wp-json\/wp\/v2\/pages"}],"about":[{"href":"https:\/\/theroomhunter.com\/burgos\/wp-json\/wp\/v2\/types\/page"}],"author":[{"embeddable":true,"href":"https:\/\/theroomhunter.com\/burgos\/wp-json\/wp\/v2\/users\/1"}],"replies":[{"embeddable":true,"href":"https:\/\/theroomhunter.com\/burgos\/wp-json\/wp\/v2\/comments?post=3"}],"version-history":[{"count":3,"href":"https:\/\/theroomhunter.com\/burgos\/wp-json\/wp\/v2\/pages\/3\/revisions"}],"predecessor-version":[{"id":389,"href":"https:\/\/theroomhunter.com\/burgos\/wp-json\/wp\/v2\/pages\/3\/revisions\/389"}],"wp:attachment":[{"href":"https:\/\/theroomhunter.com\/burgos\/wp-json\/wp\/v2\/media?parent=3"}],"curies":[{"name":"wp","href":"https:\/\/api.w.org\/{rel}","templated":true}]}}