{"id":14,"date":"2019-01-16T13:46:17","date_gmt":"2019-01-16T13:46:17","guid":{"rendered":"https:\/\/theroomhunter.com\/burgos\/?page_id=14"},"modified":"2025-12-15T21:50:39","modified_gmt":"2025-12-15T21:50:39","slug":"reservas","status":"publish","type":"page","link":"https:\/\/theroomhunter.com\/burgos\/reservas\/","title":{"rendered":"Reservas"},"content":{"rendered":"\t<section class=\"section\" id=\"section_157816591\">\n\t\t<div class=\"bg section-bg fill bg-fill  bg-loaded\" >\n\n\t\t\t\n\t\t\t\n\t\t\t\n\n\t\t<\/div><!-- .section-bg -->\n\n\t\t<div class=\"section-content relative\">\n\t\t\t\n<div class=\"row booking-title\"  id=\"row-794076534\">\n<div class=\"col small-12 large-12\"  ><div class=\"col-inner\"  >\n<h3>\u00abLos custodios de la espada 2.0\u00bb<span id=\"transmark\" style=\"display: none; width: 0px; height: 0px;\"><\/span><\/h3>\n<h3>Segunda aventura desde octubre de 2025.<\/h3>\n<\/div><\/div>\n\n<style scope=\"scope\">\n\n<\/style>\n<\/div>\n<div class=\"row booking-columns\"  id=\"row-1141407921\">\n<div class=\"col medium-12 small-12 large-6\"  ><div class=\"col-inner\"  >\n<div class=\"number-container\">\n<div class=\"number\">1<\/div>\n<div class=\"text\">\n<div class=\"control\">\n<p class=\"title\">\u00bfCu\u00e1ndo quieres venir?<\/p>\n<p>Elige una fecha que te encaje y aparecer\u00e1n las diferentes sesiones disponibles para ese d\u00eda. En rojo son las sesiones ocupadas y en verde las que se pueden reservar.<\/p>\n<\/div>\n<\/div>\n<\/div>\n<div class=\"number-container\">\n<div class=\"number\">2<\/div>\n<div class=\"text\">\n<div class=\"control\">\n<p class=\"title\">N\u00ba de participantes<\/p>\n<p>A continuaci\u00f3n te preguntaremos el n\u00famero de participantes que quer\u00e9is jugar, si el d\u00eda del juego acab\u00e1is yendo m\u00e1s, la diferencia de 10 euros por persona extra se pagar\u00e1 cuando vay\u00e1is a jugar.<\/p>\n<\/div>\n<\/div>\n<\/div>\n<div class=\"number-container\">\n<div class=\"number\">3<\/div>\n<div class=\"text\">\n<div class=\"control\">\n<p class=\"title\">Confirmaci\u00f3n de tu reserva<\/p>\n<p>Recibir\u00e1s un correo electr\u00f3nico con la fecha y hora para tu aventura. Si no, no se ha efectuado la reserva correctamente.<\/p>\n<\/div>\n<\/div>\n<\/div>\n<\/div><\/div>\n<div class=\"col medium-12 small-12 large-6\"  ><div class=\"col-inner\"  >\n<div class=\"widget-iframe-content\" data-event-id=\"b2cec027\" data-app-url=\"https:\/\/www.ticketself.com\/\" data-event-url=\"https:\/\/www.ticketself.com\/event\/b2cec027?widget=1\"> Compra aqu\u00ed tus entradas<\/div> <script type=\"text\/javascript\" src=\"https:\/\/www.ticketself.com\/assets\/default\/js\/widget-multi-iframe.js\"><\/script>\n<\/div><\/div>\n\n<style scope=\"scope\">\n\n<\/style>\n<\/div>\n<h3 style=\"text-align: center;\">Para reservar o informaci\u00f3n, tienes que llamar al 722 610 736 y preguntar por Salvador Abad.<\/h3>\n\t\t<\/div><!-- .section-content -->\n\n\t\t\n<style scope=\"scope\">\n\n#section_157816591 {\n  padding-top: 30px;\n  padding-bottom: 30px;\n  background-color: rgb(242, 242, 242);\n}\n<\/style>\n\t<\/section>\n\t\n<p>&nbsp;<\/p>\n<p>&nbsp;<\/p>\n<p>&nbsp;<\/p>\n","protected":false},"excerpt":{"rendered":"<p>&nbsp; &nbsp; &nbsp;<\/p>\n","protected":false},"author":1,"featured_media":532,"parent":0,"menu_order":0,"comment_status":"closed","ping_status":"closed","template":"page-blank.php","meta":{"_mbp_gutenberg_autopost":false},"yoast_head":"<!-- This site is optimized with the Yoast SEO plugin v19.7 - https:\/\/yoast.com\/wordpress\/plugins\/seo\/ -->\n<title>Reservas &ndash; The Roomhunter Burgos - Salas de Escape Room<\/title>\n<meta name=\"robots\" content=\"index, follow, max-snippet:-1, max-image-preview:large, max-video-preview:-1\" \/>\n<link rel=\"canonical\" href=\"https:\/\/theroomhunter.com\/burgos\/reservas\/\" \/>\n<meta property=\"og:locale\" content=\"es_ES\" \/>\n<meta property=\"og:type\" content=\"article\" \/>\n<meta property=\"og:title\" content=\"Reservas &ndash; The Roomhunter Burgos - Salas de Escape Room\" \/>\n<meta property=\"og:description\" content=\"&nbsp; &nbsp; &nbsp;\" \/>\n<meta property=\"og:url\" content=\"https:\/\/theroomhunter.com\/burgos\/reservas\/\" \/>\n<meta property=\"og:site_name\" content=\"The Roomhunter Burgos - Salas de Escape Room\" \/>\n<meta property=\"article:publisher\" content=\"https:\/\/www.facebook.com\/theroomhunterburgos\/\" \/>\n<meta property=\"article:modified_time\" content=\"2025-12-15T21:50:39+00:00\" \/>\n<meta property=\"og:image\" content=\"https:\/\/theroomhunter.com\/burgos\/wp-content\/uploads\/2025\/12\/IMG_6287-scaled.jpg\" \/>\n\t<meta property=\"og:image:width\" content=\"1920\" \/>\n\t<meta property=\"og:image:height\" content=\"2560\" \/>\n\t<meta property=\"og:image:type\" content=\"image\/jpeg\" \/>\n<meta name=\"twitter:card\" content=\"summary_large_image\" \/>\n<meta name=\"twitter:label1\" content=\"Tiempo de lectura\" \/>\n\t<meta name=\"twitter:data1\" content=\"1 minuto\" \/>\n<script type=\"application\/ld+json\" class=\"yoast-schema-graph\">{\"@context\":\"https:\/\/schema.org\",\"@graph\":[{\"@type\":\"WebPage\",\"@id\":\"https:\/\/theroomhunter.com\/burgos\/reservas\/\",\"url\":\"https:\/\/theroomhunter.com\/burgos\/reservas\/\",\"name\":\"Reservas &ndash; The Roomhunter Burgos - Salas de Escape Room\",\"isPartOf\":{\"@id\":\"https:\/\/theroomhunter.com\/burgos\/#website\"},\"datePublished\":\"2019-01-16T13:46:17+00:00\",\"dateModified\":\"2025-12-15T21:50:39+00:00\",\"breadcrumb\":{\"@id\":\"https:\/\/theroomhunter.com\/burgos\/reservas\/#breadcrumb\"},\"inLanguage\":\"es\",\"potentialAction\":[{\"@type\":\"ReadAction\",\"target\":[\"https:\/\/theroomhunter.com\/burgos\/reservas\/\"]}]},{\"@type\":\"BreadcrumbList\",\"@id\":\"https:\/\/theroomhunter.com\/burgos\/reservas\/#breadcrumb\",\"itemListElement\":[{\"@type\":\"ListItem\",\"position\":1,\"name\":\"Portada\",\"item\":\"https:\/\/theroomhunter.com\/burgos\/\"},{\"@type\":\"ListItem\",\"position\":2,\"name\":\"Reservas\"}]},{\"@type\":\"WebSite\",\"@id\":\"https:\/\/theroomhunter.com\/burgos\/#website\",\"url\":\"https:\/\/theroomhunter.com\/burgos\/\",\"name\":\"The Roomhunter Burgos - Salas de Escape Room\",\"description\":\"Empresa de entretenimiento de escapismo en Burgos\",\"publisher\":{\"@id\":\"https:\/\/theroomhunter.com\/burgos\/#organization\"},\"potentialAction\":[{\"@type\":\"SearchAction\",\"target\":{\"@type\":\"EntryPoint\",\"urlTemplate\":\"https:\/\/theroomhunter.com\/burgos\/?s={search_term_string}\"},\"query-input\":\"required name=search_term_string\"}],\"inLanguage\":\"es\"},{\"@type\":\"Organization\",\"@id\":\"https:\/\/theroomhunter.com\/burgos\/#organization\",\"name\":\"Salas The Roomhunter Burgos Escape Room\",\"url\":\"https:\/\/theroomhunter.com\/burgos\/\",\"sameAs\":[\"https:\/\/www.youtube.com\/channel\/UCS3xYNnN2X1ThKVUqZEAMKg\",\"https:\/\/www.facebook.com\/theroomhunterburgos\/\"],\"logo\":{\"@type\":\"ImageObject\",\"inLanguage\":\"es\",\"@id\":\"https:\/\/theroomhunter.com\/burgos\/#\/schema\/logo\/image\/\",\"url\":\"https:\/\/theroomhunter.com\/burgos\/wp-content\/uploads\/2019\/05\/favicon.jpg\",\"contentUrl\":\"https:\/\/theroomhunter.com\/burgos\/wp-content\/uploads\/2019\/05\/favicon.jpg\",\"width\":512,\"height\":512,\"caption\":\"Salas The Roomhunter Burgos Escape Room\"},\"image\":{\"@id\":\"https:\/\/theroomhunter.com\/burgos\/#\/schema\/logo\/image\/\"}}]}<\/script>\n<!-- \/ Yoast SEO plugin. -->","yoast_head_json":{"title":"Reservas &ndash; The Roomhunter Burgos - Salas de Escape Room","robots":{"index":"index","follow":"follow","max-snippet":"max-snippet:-1","max-image-preview":"max-image-preview:large","max-video-preview":"max-video-preview:-1"},"canonical":"https:\/\/theroomhunter.com\/burgos\/reservas\/","og_locale":"es_ES","og_type":"article","og_title":"Reservas &ndash; The Roomhunter Burgos - Salas de Escape Room","og_description":"&nbsp; &nbsp; &nbsp;","og_url":"https:\/\/theroomhunter.com\/burgos\/reservas\/","og_site_name":"The Roomhunter Burgos - Salas de Escape Room","article_publisher":"https:\/\/www.facebook.com\/theroomhunterburgos\/","article_modified_time":"2025-12-15T21:50:39+00:00","og_image":[{"width":1920,"height":2560,"url":"https:\/\/theroomhunter.com\/burgos\/wp-content\/uploads\/2025\/12\/IMG_6287-scaled.jpg","type":"image\/jpeg"}],"twitter_card":"summary_large_image","twitter_misc":{"Tiempo de lectura":"1 minuto"},"schema":{"@context":"https:\/\/schema.org","@graph":[{"@type":"WebPage","@id":"https:\/\/theroomhunter.com\/burgos\/reservas\/","url":"https:\/\/theroomhunter.com\/burgos\/reservas\/","name":"Reservas &ndash; The Roomhunter Burgos - Salas de Escape Room","isPartOf":{"@id":"https:\/\/theroomhunter.com\/burgos\/#website"},"datePublished":"2019-01-16T13:46:17+00:00","dateModified":"2025-12-15T21:50:39+00:00","breadcrumb":{"@id":"https:\/\/theroomhunter.com\/burgos\/reservas\/#breadcrumb"},"inLanguage":"es","potentialAction":[{"@type":"ReadAction","target":["https:\/\/theroomhunter.com\/burgos\/reservas\/"]}]},{"@type":"BreadcrumbList","@id":"https:\/\/theroomhunter.com\/burgos\/reservas\/#breadcrumb","itemListElement":[{"@type":"ListItem","position":1,"name":"Portada","item":"https:\/\/theroomhunter.com\/burgos\/"},{"@type":"ListItem","position":2,"name":"Reservas"}]},{"@type":"WebSite","@id":"https:\/\/theroomhunter.com\/burgos\/#website","url":"https:\/\/theroomhunter.com\/burgos\/","name":"The Roomhunter Burgos - Salas de Escape Room","description":"Empresa de entretenimiento de escapismo en Burgos","publisher":{"@id":"https:\/\/theroomhunter.com\/burgos\/#organization"},"potentialAction":[{"@type":"SearchAction","target":{"@type":"EntryPoint","urlTemplate":"https:\/\/theroomhunter.com\/burgos\/?s={search_term_string}"},"query-input":"required name=search_term_string"}],"inLanguage":"es"},{"@type":"Organization","@id":"https:\/\/theroomhunter.com\/burgos\/#organization","name":"Salas The Roomhunter Burgos Escape Room","url":"https:\/\/theroomhunter.com\/burgos\/","sameAs":["https:\/\/www.youtube.com\/channel\/UCS3xYNnN2X1ThKVUqZEAMKg","https:\/\/www.facebook.com\/theroomhunterburgos\/"],"logo":{"@type":"ImageObject","inLanguage":"es","@id":"https:\/\/theroomhunter.com\/burgos\/#\/schema\/logo\/image\/","url":"https:\/\/theroomhunter.com\/burgos\/wp-content\/uploads\/2019\/05\/favicon.jpg","contentUrl":"https:\/\/theroomhunter.com\/burgos\/wp-content\/uploads\/2019\/05\/favicon.jpg","width":512,"height":512,"caption":"Salas The Roomhunter Burgos Escape Room"},"image":{"@id":"https:\/\/theroomhunter.com\/burgos\/#\/schema\/logo\/image\/"}}]}},"_links":{"self":[{"href":"https:\/\/theroomhunter.com\/burgos\/wp-json\/wp\/v2\/pages\/14"}],"collection":[{"href":"https:\/\/theroomhunter.com\/burgos\/wp-json\/wp\/v2\/pages"}],"about":[{"href":"https:\/\/theroomhunter.com\/burgos\/wp-json\/wp\/v2\/types\/page"}],"author":[{"embeddable":true,"href":"https:\/\/theroomhunter.com\/burgos\/wp-json\/wp\/v2\/users\/1"}],"replies":[{"embeddable":true,"href":"https:\/\/theroomhunter.com\/burgos\/wp-json\/wp\/v2\/comments?post=14"}],"version-history":[{"count":47,"href":"https:\/\/theroomhunter.com\/burgos\/wp-json\/wp\/v2\/pages\/14\/revisions"}],"predecessor-version":[{"id":568,"href":"https:\/\/theroomhunter.com\/burgos\/wp-json\/wp\/v2\/pages\/14\/revisions\/568"}],"wp:featuredmedia":[{"embeddable":true,"href":"https:\/\/theroomhunter.com\/burgos\/wp-json\/wp\/v2\/media\/532"}],"wp:attachment":[{"href":"https:\/\/theroomhunter.com\/burgos\/wp-json\/wp\/v2\/media?parent=14"}],"curies":[{"name":"wp","href":"https:\/\/api.w.org\/{rel}","templated":true}]}}